42. List the prime factors of d.
2, 3, 17
Suppose -5*w = -6632 + 957. List the prime factors of w.
5, 227
Let l(t) be the third derivative of t**4/24 + 13*t**3/2 - 3*t**2. What are the prime factors of l(0)?
3, 13
What are the prime factors of 1281 + 4 - 5/(-1)*-1?
2, 5
Suppose 0 = 4*f - 351 - 25. Suppose -3*c + 35 = -f. What are the prime factors of c?
43
Let k(w) = -4*w - 2. Let s(a) = -5*a - 2. Let n(g) = -4*k(g) + 5*s(g). Let c be n(3). Let b = -18 - c. List the prime factors of b.
11
Let z(d) = -30*d + 2. Let x be z(-8). Let f = 472 - x. List the prime factors of f.
2, 5, 23
Suppose -5*z = -z - 16. Suppose -3*w - 114 = -4*r, 0 = 2*w + r - z*r + 76. Let m = -24 - w. What are the prime factors of m?
2, 7
Let t be ((-2)/8)/(1*(-4)/80). Suppose -c + 5*h + 155 = 9, 5*c + t*h - 610 = 0. What are the prime factors of c?
2, 3, 7
Let x(k) = -40*k + 4. Let w be x(-1). Let m = 98 - w. What are the prime factors of m?
2, 3
Suppose 0 = z + 3*n - 1023, -2*z - 21*n + 24*n = -2082. What are the prime factors of z?
3, 5, 23
Suppose -147 + 45 = -2*o. Let r = 88 - o. What are the prime factors of r?
37
Let x = 18 + -12. Let p(i) = 2*i - 2. Let o be p(x). Suppose 3*q = 4*w + 106, -2*w - 3*w = -o. What are the prime factors of q?
2, 19
Let s = 2086 - 1050. List the prime factors of s.
2, 7, 37
Let d = 1147 + -269. List the prime factors of d.
2, 439
Suppose -4*z + 178 = -286. Suppose 4*r - z = 2*r. List the prime factors of r.
2, 29
Let k = 354 - 152. List the prime factors of k.
2, 101
Let i(p) = 2 + 0*p**3 - 13*p - 7*p**2 - p**3 + 0*p**3 + 5*p. List the prime factors of i(-7).
2, 29
Suppose 1702 = 3*c - 3065. List the prime factors of c.
7, 227
Let z(o) = -2*o**3 + 32*o**2 + 13*o - 32. List the prime factors of z(15).
613
Let a = 7220 - 5055. List the prime factors of a.
5, 433
Let b(a) = a**2 - 7*a - 38. List the prime factors of b(13).
2, 5
List the prime factors of 54/(-9) - (-1767 - 2).
41, 43
Let v = 34 + -32. Let j(h) = -h**3 - 4*h**2 - h - 4. Let y be j(-4). Suppose -v*c + 1 + 15 = y. List the prime factors of c.
2
Suppose -12817 = 5*c - 2*s - 33252, 5*s + 8153 = 2*c. What are the prime factors of c?
3, 29, 47
Let d(a) = -a**3 + 7*a**2 + 3*a - 5. Let m be (-1)/(-4 - (-21)/5). List the prime factors of d(m).
2, 5, 7
Let t(i) = 4*i**3 + 7*i + 5. Let c(a) = 3*a**3 - a**2 + 6*a + 6. Let y(k) = 3*c(k) - 2*t(k). What are the prime factors of y(5)?
2, 3, 13
Suppose 0 = 3*u + 3*d - 414, -5*u - d + 698 = -4*d. Suppose -4*s + 536 = -3*f, 0 = -s + 5*f + 12 + u. What are the prime factors of s?
131
Suppose 114 = 9*l - 4*l + 4*z, -5*z = -5. Suppose 27*x - 720 = l*x. List the prime factors of x.
2, 3
Let n(y) = y**3 - 13*y**2 + 23*y + 6. Let t(v) = v**3 - 13*v**2 + 22*v + 5. Let i(o) = -6*n(o) + 7*t(o). List the prime factors of i(12).
47
Suppose -6 = -u + 3*z, -4*u + z + 2*z = 12. List the prime factors of (u/(-2) - (-2 - -6))*-197.
197
Let j = 122 - 69. Suppose -j = 2*n - 3*n. What are the prime factors of -3 - (0 - n) - -2?
2, 13
Suppose x - 209 = -5*v, -v + x - 4*x + 53 = 0. Let b = -10 + v. Let g = b + -3. List the prime factors of g.
2, 7
List the prime factors of (1 - -513)*(3 + 2)/10.
257
Suppose -2*m = 7*m - 4554. List the prime factors of m.
2, 11, 23
Let y = 171 - 86. Let v be (-5 - 0)*952/y. What are the prime factors of (-210)/v + 1/4?
2
Let w(o) = -62*o - 26. Let j be w(-3). Suppose -j = -5*h + 4*h. List the prime factors of h.
2, 5
Let x(m) = -m**2 + 4*m + 3. Let o be x(-2). Let j(g) = g**3 + 11*g**2 + 14*g + 10. List the prime factors of j(o).
2, 23
Let h = -6 + 4. Let o be h + -3 + 1 + 4. Suppose o*b + 3*b = 90. List the prime factors of b.
2, 3, 5
Suppose -4*q - 2 = 2. Let i(m) = 75*m**2 + 1. What are the prime factors of i(q)?
2, 19
Let p be 6/(-5 - -3) - -6. Suppose -p = c - 47. What are the prime factors of c?
2, 11
Suppose -6*w + 12984 = 18*w. List the prime factors of w.
541
Let h(r) = -r**2 - 6*r + 4. Let f be h(-7). Let v be (-1 - 21/(-15)) + (-1528)/20. Let p = f - v. List the prime factors of p.
73
Let b = -266 + 373. List the prime factors of b.
107
List the prime factors of (1/3)/((-6425)/(-1605) + -4).
107
Suppose 4*n - 2*z = 436 - 32, -5*n + z + 499 = 0. List the prime factors of n.
3, 11
Suppose -n + 56 = 52. Let j(x) = 8*x**2 + x + 2. What are the prime factors of j(n)?
2, 67
Let v(b) = b**2 + 7*b + 5. Let j be v(-6). Let u = j - 0. List the prime factors of 0 + u/(2/(-34)).
17
What are the prime factors of 28268/7 + ((-282)/(-42) - 7)?
2, 3, 673
Let n be -1*(3 - 1)/(6/(-1659)). Suppose 7*x - 420 - n = 0. List the prime factors of x.
139
Suppose 0*u + 2*q - 1088 = -3*u, -2*u + 718 = 5*q. List the prime factors of u.
2, 7, 13
Let o(l) = -2*l**2 + 8 - 16 + 4*l**3 + 6. Let r be o(2). Suppose -w + r = -3*m, 6*m + 26 = w + 2*m. List the prime factors of w.
2, 5
Let c(i) be the third derivative of -i**5/60 - 5*i**4/6 - 13*i**3/6 + 9*i**2. What are the prime factors of c(-13)?
2, 3, 13
Suppose -8*r + 10*r = 0. Suppose 2*b = -r*b - 5*g + 173, -301 = -4*b + 5*g. What are the prime factors of b?
79
Let f(q) = 100*q - 4. Let d be f(2). Suppose -z - z = -d. Let x = z - 43. What are the prime factors of x?
5, 11
List the prime factors of (1412/10)/((-32)/(-40))*2.
353
Let u(j) = -21*j - 78. List the prime factors of u(-6).
2, 3
Let v = 1733 - 1653. List the prime factors of v.
2, 5
Suppose 0 = -24*z + 18*z + 1446. What are the prime factors of z?
241
Suppose 5*a + 5*m = 1000, 0 = -4*a + 9*m - 4*m + 818. List the prime factors of a.
2, 101
Suppose -9*g - 133 = -3382. List the prime factors of g.
19
Let v be 203/14*(2 + 2). Suppose 57*l = v*l - 48. What are the prime factors of l?
2, 3
Let t be 21/((-42)/6) - (-416)/(-2). Let p = t - -448. List the prime factors of p.
3, 79
Suppose 0 = 5*p - 3367 + 82. List the prime factors of p.
3, 73
Suppose 293 = -2*q - 109. Let t = 328 + q. What are the prime factors of t?
127
Let g = 163 + 451. What are the prime factors of g?
2, 307
Let a(m) = 5*m + 125. List the prime factors of a(0).
5
Let b(n) = 8*n**3 - 10*n**2 - 16*n + 9. What are the prime factors of b(6)?
3, 7, 61
Let u(t) = -t**2 + 10*t + 12. Let r be u(11). List the prime factors of (-1)/r + (-7 + 43 - 7).
2, 7
Suppose -4*f + 3*f + 520 = -4*m, -4*m + 4*f = 508. Let d = 133 + m. What are the prime factors of d?
2
Let b = -107 + 367. List the prime factors of b.
2, 5, 13
Suppose 0 = 4*a + a. Let f(x) = 2*x + a*x**3 + 0*x - 5 - x**3 - 5*x**2 + 12. What are the prime factors of f(-6)?
31
Suppose -124*o - 18486 = -130*o. List the prime factors of o.
3, 13, 79
Let m be ((-45)/6)/((-3)/4). Suppose -6*o + o - m = -2*u, 3*o - 26 = -2*u. Suppose -s = -4 - u. What are the prime factors of s?
2, 7
Suppose -6 = 2*h, -6*y + h = -3*y - 3. Suppose 8*o - 11*o + 621 = y. List the prime factors of o.
3, 23
Let c = 848 - -347. List the prime factors of c.
5, 239
Suppose n - 4*n = 0, 5*j + n - 3215 = 0. What are the prime factors of j?
643
Let w(i) = 136*i. Let u be w(1). Suppose -u = -f - 3*f. What are the prime factors of f?
2, 17
Let f(v) = v + 15. Let b = 19 - 21. What are the prime factors of f(b)?
13
Let x be 2*1835/2*(-5)/(-25). Suppose -5*t + x + 28 = 0. What are the prime factors of t?
79
Suppose 3*t - 279 = 2*b + 160, 2*t = -5*b + 299. Suppose -h + d + t = 4*h, -5*h - 3*d = -159. What are the prime factors of h?
2, 3, 5
Let a = 1 + 1. Suppose 0 = -z - a*z + 15. Suppose -2*w + z*t + 38 = 0, -w - t = 2*t - 19. List the prime factors of w.
19
Let u be ((-265)/(-10))/(3/(-18)). Let t = -67 - u. List the prime factors of t.
2, 23
Suppose 4*c - 1001 = -3*z, 2*z + 141 = c - 101. What are the prime factors of c?
2, 31
Suppose -111 - 245 = -4*h + l, h - 4*l = 89. Let w = h + -23. What are the prime factors of w?
2, 3, 11
Suppose u - 840 = 363. What are the prime factors of u?
3, 401
Suppose 0 = -114*v + 126*v - 36456. What are the prime factors of v?
2, 7, 31
Let l(g) be the third derivative of g**5/15 + g**3/6 - 8*g**2. Let q be l(-1). Suppose -127 = -q*n + 53. What are the prime factors of n?
2, 3
Suppose 38 = 4*t - 2*v, 5*v - 3 = -3*t + 6. Suppose -3*b + t*b = 690. Suppose 3*p - b = 3*n, -4*p = n + 2*n - 219. What are the prime factors of p?
3, 17
Let q be (-32)/(-6)*(-18)/12. Let k(p) = -p**3 - 9*p**2 - 9*p - 5. Let z be k(q). Suppose -z*v = 4*l - 31, -49 = 